{"id":6535,"date":"2025-07-19T14:56:03","date_gmt":"2025-07-19T14:56:03","guid":{"rendered":"https:\/\/vigorous-hertz.178-128-31-162.plesk.page\/?post_type=product&#038;p=6535"},"modified":"2025-07-19T14:56:14","modified_gmt":"2025-07-19T14:56:14","slug":"ds-2ce16d0t-it3e-hikvision-outdoor-exir-bullet","status":"publish","type":"product","link":"https:\/\/hemaxcomputers.lk\/index.php\/product\/ds-2ce16d0t-it3e-hikvision-outdoor-exir-bullet\/","title":{"rendered":"DS-2CE16D0T-IT3E , HIKVISION Outdoor EXIR Bullet"},"content":{"rendered":"<p>HD1080p,1\/2.7&#8243; CMOS, 1 pcs EXIR LEDs, 20m IR, Outdoor EXIR Bullet, ICR, 0.01 Lux\/F1.2, 12 VDC, Smart IR, DNR, IP66, 3.6 Lens<\/p>\n<div class=\"parameter-table\">\n<table>\n<tbody>\n<tr>\n<th colspan=\"3\">ABOUT<\/th>\n<\/tr>\n<tr>\n<td class=\"td1\">Image Sensor:<\/td>\n<td class=\"td2\"><\/td>\n<td>2MP CMOS Image Sensor<\/td>\n<\/tr>\n<tr>\n<td class=\"td1\">Signal System:<\/td>\n<td class=\"td2\"><\/td>\n<td>PAL\/NTSC<\/td>\n<\/tr>\n<tr>\n<td class=\"td1\">Effective Pixels:<\/td>\n<td class=\"td2\"><\/td>\n<td>1920 (H) \u00d7 1080 (V)<\/td>\n<\/tr>\n<tr>\n<td class=\"td1\">Min. Illumination:<\/td>\n<td class=\"td2\"><\/td>\n<td>0.01 Lux@(F1.2, AGC ON), 0 Lux with IR<\/td>\n<\/tr>\n<tr>\n<td class=\"td1\">Shutter Time:<\/td>\n<td class=\"td2\"><\/td>\n<td>1\/25(1\/30) s to 1\/50,000 s<\/td>\n<\/tr>\n<tr>\n<td class=\"td1\">Lens:<\/td>\n<td class=\"td2\"><\/td>\n<td>3.6mm @ F2.0 (2.8mm, 6mm, 8mm, 12mm, 16mm optional)<\/td>\n<\/tr>\n<tr>\n<td class=\"td1\">Lens Mount:<\/td>\n<td class=\"td2\"><\/td>\n<td>M12<\/td>\n<\/tr>\n<tr>\n<td class=\"td1\">Adjustment Range:<\/td>\n<td class=\"td2\"><\/td>\n<td>Pan: 0\u00b0 to 360\u00b0, Tilt:0\u00b0 to 180\u00b0, Rotate: 0\u00b0 to 360\u00b0<\/td>\n<\/tr>\n<tr>\n<td class=\"td1\">Day&amp; Night:<\/td>\n<td class=\"td2\"><\/td>\n<td>IR cut filter<\/td>\n<\/tr>\n<tr>\n<td class=\"td1\">Video Frame Rate:<\/td>\n<td class=\"td2\"><\/td>\n<td>PAL: 1080p@25fps<br \/>\nNTSC: 1080p@30fps<\/td>\n<\/tr>\n<tr>\n<td class=\"td1\">HD Video Output:<\/td>\n<td class=\"td2\"><\/td>\n<td>1 Analog HD output<\/td>\n<\/tr>\n<tr>\n<td class=\"td1\">Synchronization:<\/td>\n<td class=\"td2\"><\/td>\n<td>Internal Synchronization<\/td>\n<\/tr>\n<tr>\n<td class=\"td1\">Video Output:<\/td>\n<td class=\"td2\"><\/td>\n<td>1Vp-p Composite Output (75\u03a9\/BNC)<\/td>\n<\/tr>\n<tr>\n<td class=\"td1\">S\/N Ratio:<\/td>\n<td class=\"td2\"><\/td>\n<td>More than 62 dB<\/td>\n<\/tr>\n<tr>\n<td class=\"td1\">Up the Coax:<\/td>\n<td class=\"td2\"><\/td>\n<td>Support<\/td>\n<\/tr>\n<\/tbody>\n<\/table>\n<\/div>\n<div class=\"parameter-table\">\n<table>\n<tbody>\n<tr>\n<th colspan=\"3\">General<\/th>\n<\/tr>\n<tr>\n<td class=\"td1\">Material:<\/td>\n<td class=\"td2\"><\/td>\n<td>Metal &amp; Plastic<\/td>\n<\/tr>\n<tr>\n<td class=\"td1\">Operating Conditions:<\/td>\n<td class=\"td2\"><\/td>\n<td>-40 \u00b0C &#8211; 60 \u00b0C (-40 \u00b0F &#8211; 140 \u00b0F)<br \/>\nHumidity 90% or less (non-condensing)<\/td>\n<\/tr>\n<tr>\n<td class=\"td1\">Power Supply:<\/td>\n<td class=\"td2\"><\/td>\n<td>12 V DC \u00b130%\/PoC.af<\/td>\n<\/tr>\n<tr>\n<td class=\"td1\">Power Consumption:<\/td>\n<td class=\"td2\"><\/td>\n<td>Max. 4 W<\/td>\n<\/tr>\n<tr>\n<td class=\"td1\">Weather Proof:<\/td>\n<td class=\"td2\"><\/td>\n<td>IP66<\/td>\n<\/tr>\n<tr>\n<td class=\"td1\">IR Range:<\/td>\n<td class=\"td2\"><\/td>\n<td>Up to 40m<\/td>\n<\/tr>\n<tr>\n<td class=\"td1\">Communication :<\/td>\n<td class=\"td2\"><\/td>\n<td>Up the coax, Protocol: HIKVISION-C (TVI output)<\/td>\n<\/tr>\n<tr>\n<td class=\"td1\">Dimension:<\/td>\n<td class=\"td2\"><\/td>\n<td>86.7 mm \u00d7 81.6 mm \u00d7 226 mm(3.4&#8243; \u00d7 3.2&#8243; \u00d7 8.9&#8243;)<\/td>\n<\/tr>\n<tr>\n<td class=\"td1\">Weight:<\/td>\n<td class=\"td2\"><\/td>\n<td>Approx. 430 g (0.95 lb)<\/td>\n<\/tr>\n<\/tbody>\n<\/table>\n<\/div>\n","protected":false},"excerpt":{"rendered":"<p>&nbsp;<\/p>\n<ul>\n<li style=\"list-style-type: none\">\n<ul>\n<li>2.0 megapixel high-performance CMOS<\/li>\n<li>HD analog output, up to 1080p resolution<\/li>\n<li>2.8 mm, 3.6 mm, 6 mm fixed focal lens<\/li>\n<li>True Day\/Night<\/li>\n<li>EXIR 2.0, up to 20 m IR distance<\/li>\n<li>IP66<\/li>\n<li>PoC.af<\/li>\n<li>Up the Coax (HIKVISION-C)<\/li>\n<\/ul>\n<\/li>\n<\/ul>\n<p>&nbsp;<\/p>\n","protected":false},"featured_media":6565,"comment_status":"closed","ping_status":"closed","template":"","meta":{"_acf_changed":false},"product_brand":[364],"product_cat":[357,356,358],"product_tag":[],"class_list":{"0":"post-6535","1":"product","2":"type-product","3":"status-publish","4":"has-post-thumbnail","6":"product_brand-hikvision","7":"product_cat-cctv","8":"product_cat-security-systems","9":"product_cat-tvi-camera","11":"first","12":"instock","13":"shipping-taxable","14":"purchasable","15":"product-type-simple"},"acf":[],"_links":{"self":[{"href":"https:\/\/hemaxcomputers.lk\/index.php\/wp-json\/wp\/v2\/product\/6535","targetHints":{"allow":["GET"]}}],"collection":[{"href":"https:\/\/hemaxcomputers.lk\/index.php\/wp-json\/wp\/v2\/product"}],"about":[{"href":"https:\/\/hemaxcomputers.lk\/index.php\/wp-json\/wp\/v2\/types\/product"}],"replies":[{"embeddable":true,"href":"https:\/\/hemaxcomputers.lk\/index.php\/wp-json\/wp\/v2\/comments?post=6535"}],"wp:featuredmedia":[{"embeddable":true,"href":"https:\/\/hemaxcomputers.lk\/index.php\/wp-json\/wp\/v2\/media\/6565"}],"wp:attachment":[{"href":"https:\/\/hemaxcomputers.lk\/index.php\/wp-json\/wp\/v2\/media?parent=6535"}],"wp:term":[{"taxonomy":"product_brand","embeddable":true,"href":"https:\/\/hemaxcomputers.lk\/index.php\/wp-json\/wp\/v2\/product_brand?post=6535"},{"taxonomy":"product_cat","embeddable":true,"href":"https:\/\/hemaxcomputers.lk\/index.php\/wp-json\/wp\/v2\/product_cat?post=6535"},{"taxonomy":"product_tag","embeddable":true,"href":"https:\/\/hemaxcomputers.lk\/index.php\/wp-json\/wp\/v2\/product_tag?post=6535"}],"curies":[{"name":"wp","href":"https:\/\/api.w.org\/{rel}","templated":true}]}}