{"id":6552,"date":"2025-07-19T14:56:05","date_gmt":"2025-07-19T14:56:05","guid":{"rendered":"https:\/\/vigorous-hertz.178-128-31-162.plesk.page\/?post_type=product&#038;p=6552"},"modified":"2025-07-19T14:56:30","modified_gmt":"2025-07-19T14:56:30","slug":"ds-9632ni-i8-hikvision-embedded-4k-nvr","status":"publish","type":"product","link":"https:\/\/hemaxcomputers.lk\/index.php\/product\/ds-9632ni-i8-hikvision-embedded-4k-nvr\/","title":{"rendered":"DS-9632NI-I8 , HIKVISION Embedded 4K NVR"},"content":{"rendered":"<p>32 ch input, 320Mbps Bit Rate Input Max (up to 32-ch IP video), 8 SATA interfaces, alarm I\/O: 16\/4, 2U case, 19&#8243; 4K resolution(up to 12MP), H.265 \/H.265\/H.264 \/H.264 supported<br \/>\nRAID0,1,5,10 supported,Easy flip-down panel, Simplified HDD installation and replacement<\/p>\n<p><strong>ABOUT<\/strong><\/p>\n<div class=\"parameter-table\">\n<table>\n<tbody>\n<tr>\n<th colspan=\"3\">Video\/Audio Input<\/th>\n<\/tr>\n<tr>\n<td class=\"td1\">Two-way audio input:<\/td>\n<td class=\"td2\"><\/td>\n<td>1-ch, RCA (2.0 Vp-p, 1k\u03a9)<\/td>\n<\/tr>\n<tr>\n<td class=\"td1\">IP video input:<\/td>\n<td class=\"td2\"><\/td>\n<td>32-ch<\/td>\n<\/tr>\n<\/tbody>\n<\/table>\n<\/div>\n<div class=\"parameter-table\">\n<table>\n<tbody>\n<tr>\n<th colspan=\"3\">Network<\/th>\n<\/tr>\n<tr>\n<td class=\"td1\">Remote connection:<\/td>\n<td class=\"td2\"><\/td>\n<td>128<\/td>\n<\/tr>\n<tr>\n<td class=\"td1\">Incoming bandwidth:<\/td>\n<td class=\"td2\"><\/td>\n<td>320Mbps or 200Mbps(when RAID is enabled)<\/td>\n<\/tr>\n<tr>\n<td class=\"td1\">Outgoing bandwidth:<\/td>\n<td class=\"td2\"><\/td>\n<td>256Mpbs or 200Mbps(when RAID is enabled)<\/td>\n<\/tr>\n<\/tbody>\n<\/table>\n<\/div>\n<div class=\"parameter-table\">\n<table>\n<tbody>\n<tr>\n<th colspan=\"3\">Video\/Audio Output<\/th>\n<\/tr>\n<tr>\n<td class=\"td1\">HDMI\/VGA output:<\/td>\n<td class=\"td2\"><\/td>\n<td>2-ch, resolution:<br \/>\nHMDI1:4K (3840 \u00d7 2160)\/60Hz,<br \/>\n4K (3840 \u00d7 2160)\/30Hz, 2K (2560 \u00d7 1440)\/60Hz, 1920 \u00d7 1080p\/60Hz, 1600 \u00d7 1200\/60Hz, 1280 \u00d7 1024\/60Hz, 1280 \u00d7 720\/60Hz, 1024 \u00d7 768\/60Hz<br \/>\nVGA1: 2K (2560 \u00d7 1440)\/60Hz, 1920 \u00d7 1080p\/60Hz, 1600 \u00d7 1200\/60Hz, 1280 \u00d7 1024\/60Hz, 1280 \u00d7 720\/60Hz, 1024 \u00d7 768\/60Hz<br \/>\nHDMI2\/VGA2:1920 \u00d7 1080p\/60Hz, 1280 \u00d7 1024\/60Hz, 1280 \u00d7 720\/60Hz, 1024 \u00d7 768\/60Hz<\/td>\n<\/tr>\n<tr>\n<td class=\"td1\">Recording Resolution:<\/td>\n<td class=\"td2\"><\/td>\n<td>12MP\/8MP\/6MP\/5MP\/4MP\/3MP\/1080p\/UXGA\/720p\/VGA\/4CIF\/DCIF\/2CIF\/CIF\/QCIF<\/td>\n<\/tr>\n<tr>\n<td class=\"td1\">Audio Output:<\/td>\n<td class=\"td2\"><\/td>\n<td>2-ch, RCA (2.0Vp-p, 1K\u03a9)<\/td>\n<\/tr>\n<tr>\n<td class=\"td1\">Synchronous Playback:<\/td>\n<td class=\"td2\"><\/td>\n<td>16-ch<\/td>\n<\/tr>\n<\/tbody>\n<\/table>\n<\/div>\n<div class=\"parameter-table\">\n<table>\n<tbody>\n<tr>\n<th colspan=\"3\">Decoding<\/th>\n<\/tr>\n<tr>\n<td class=\"td1\">Capability:<\/td>\n<td class=\"td2\"><\/td>\n<td>4-ch@8MP,16-ch@1080P<\/td>\n<\/tr>\n<tr>\n<td class=\"td1\">Live view \/ Playback:<\/td>\n<td class=\"td2\"><\/td>\n<td>12MP\/8MP\/6MP\/5MP\/4MP\/3MP\/1080p\/UXGA\/720p\/VGA\/4CIF\/DCIF\/2CIF\/CIF\/QCIF<\/td>\n<\/tr>\n<\/tbody>\n<\/table>\n<\/div>\n<div class=\"parameter-table\">\n<table>\n<tbody>\n<tr>\n<th colspan=\"3\">Hard Disk<\/th>\n<\/tr>\n<tr>\n<td class=\"td1\">Interface Type:<\/td>\n<td class=\"td2\"><\/td>\n<td>1 eSATA interface<\/td>\n<\/tr>\n<tr>\n<td class=\"td1\">SATA:<\/td>\n<td class=\"td2\"><\/td>\n<td>8 SATA interfaces for 8 HDDs<\/td>\n<\/tr>\n<tr>\n<td class=\"td1\">Capacity:<\/td>\n<td class=\"td2\"><\/td>\n<td>Up to 6TB capacity for each HDD<\/td>\n<\/tr>\n<\/tbody>\n<\/table>\n<\/div>\n<div class=\"parameter-table\">\n<table>\n<tbody>\n<tr>\n<th colspan=\"3\">Disk array<\/th>\n<\/tr>\n<tr>\n<td class=\"td1\">Array type:<\/td>\n<td class=\"td2\"><\/td>\n<td>RAID0, RAID1, RAID5, RAID10<\/td>\n<\/tr>\n<tr>\n<td class=\"td1\">Number of array:<\/td>\n<td class=\"td2\"><\/td>\n<td>4<\/td>\n<\/tr>\n<\/tbody>\n<\/table>\n<\/div>\n<div class=\"parameter-table\">\n<table>\n<tbody>\n<tr>\n<th colspan=\"3\">External Interface<\/th>\n<\/tr>\n<tr>\n<td class=\"td1\">Network Interface:<\/td>\n<td class=\"td2\"><\/td>\n<td>2 RJ-45 10\/100\/1000Mbps self-adaptive Ethernet interfaces<\/td>\n<\/tr>\n<tr>\n<td class=\"td1\">Serial Interface:<\/td>\n<td class=\"td2\"><\/td>\n<td>RS-232, RS-485, Keyboard<\/td>\n<\/tr>\n<tr>\n<td class=\"td1\">USB Interface:<\/td>\n<td class=\"td2\"><\/td>\n<td>Front panel: 2 \u00d7 USB 2.0<br \/>\nRear panel: 1 \u00d7 USB 3.0<\/td>\n<\/tr>\n<tr>\n<td class=\"td1\">Alarm In:<\/td>\n<td class=\"td2\"><\/td>\n<td>16-ch<\/td>\n<\/tr>\n<tr>\n<td class=\"td1\">Alarm Out:<\/td>\n<td class=\"td2\"><\/td>\n<td>4-ch<\/td>\n<\/tr>\n<\/tbody>\n<\/table>\n<\/div>\n<div class=\"parameter-table\">\n<table>\n<tbody>\n<tr>\n<th colspan=\"3\">General<\/th>\n<\/tr>\n<tr>\n<td class=\"td1\">Power Supply:<\/td>\n<td class=\"td2\"><\/td>\n<td>100 to 240 VAC, 50 to 60 Hz<\/td>\n<\/tr>\n<tr>\n<td class=\"td1\">Consumption(without hard disk and POE):<\/td>\n<td class=\"td2\"><\/td>\n<td>\u226430 W<\/td>\n<\/tr>\n<tr>\n<td class=\"td1\">Working Temperature:<\/td>\n<td class=\"td2\"><\/td>\n<td>-10 oC ~ 55 oC ( 14 oF~ 131 oF)<\/td>\n<\/tr>\n<tr>\n<td class=\"td1\">Working Humidity:<\/td>\n<td class=\"td2\"><\/td>\n<td>10 % ~ 90 %<\/td>\n<\/tr>\n<tr>\n<td class=\"td1\">Chassis:<\/td>\n<td class=\"td2\"><\/td>\n<td>19-inch rack-mounted 2U chassis<\/td>\n<\/tr>\n<tr>\n<td class=\"td1\">Dimensions:<\/td>\n<td class=\"td2\"><\/td>\n<td>445 \u00d7 470 \u00d790 mm (17.5&#8243;\u00d7 18.5&#8243; \u00d7 3.5&#8243;)<\/td>\n<\/tr>\n<tr>\n<td class=\"td1\">Weight(without HDD):<\/td>\n<td class=\"td2\"><\/td>\n<td>\u2264 10 Kg (22 lb)<\/td>\n<\/tr>\n<\/tbody>\n<\/table>\n<\/div>\n","protected":false},"excerpt":{"rendered":"<dl class=\"introduct\">\n<dd>\u2022 Third-party network cameras supported<br \/>\n\u2022 Up to\u00a012 Megapixels resolution recording<br \/>\n\u2022 Support 2-ch HDMI, 2-ch VGA, HMDI1 at up to 4K(3840&#215;2160)resolution<br \/>\n\u2022 Up to 64 IP cameras can be connected with 320Mincoming bandwidth<br \/>\n\u2022 Up to\u00a08 SATA interfaces<br \/>\n\u2022 Support HDD hot swap with RAID0,1,5,6,10 storage<br \/>\nscheme configurable\u2022Support various VCA detection alarm and VCA search\u2022Support H.265\/H.264\/MPEG4 video formats<\/dd>\n<\/dl>\n<div class=\"show-hd\"><\/div>\n","protected":false},"featured_media":6611,"comment_status":"closed","ping_status":"closed","template":"","meta":{"_acf_changed":false},"product_brand":[364],"product_cat":[357,363,356],"product_tag":[],"class_list":{"0":"post-6552","1":"product","2":"type-product","3":"status-publish","4":"has-post-thumbnail","6":"product_brand-hikvision","7":"product_cat-cctv","8":"product_cat-nvr","9":"product_cat-security-systems","11":"first","12":"instock","13":"shipping-taxable","14":"purchasable","15":"product-type-simple"},"acf":[],"_links":{"self":[{"href":"https:\/\/hemaxcomputers.lk\/index.php\/wp-json\/wp\/v2\/product\/6552","targetHints":{"allow":["GET"]}}],"collection":[{"href":"https:\/\/hemaxcomputers.lk\/index.php\/wp-json\/wp\/v2\/product"}],"about":[{"href":"https:\/\/hemaxcomputers.lk\/index.php\/wp-json\/wp\/v2\/types\/product"}],"replies":[{"embeddable":true,"href":"https:\/\/hemaxcomputers.lk\/index.php\/wp-json\/wp\/v2\/comments?post=6552"}],"wp:featuredmedia":[{"embeddable":true,"href":"https:\/\/hemaxcomputers.lk\/index.php\/wp-json\/wp\/v2\/media\/6611"}],"wp:attachment":[{"href":"https:\/\/hemaxcomputers.lk\/index.php\/wp-json\/wp\/v2\/media?parent=6552"}],"wp:term":[{"taxonomy":"product_brand","embeddable":true,"href":"https:\/\/hemaxcomputers.lk\/index.php\/wp-json\/wp\/v2\/product_brand?post=6552"},{"taxonomy":"product_cat","embeddable":true,"href":"https:\/\/hemaxcomputers.lk\/index.php\/wp-json\/wp\/v2\/product_cat?post=6552"},{"taxonomy":"product_tag","embeddable":true,"href":"https:\/\/hemaxcomputers.lk\/index.php\/wp-json\/wp\/v2\/product_tag?post=6552"}],"curies":[{"name":"wp","href":"https:\/\/api.w.org\/{rel}","templated":true}]}}