{"id":6589,"date":"2025-07-19T14:56:27","date_gmt":"2025-07-19T14:56:27","guid":{"rendered":"https:\/\/vigorous-hertz.178-128-31-162.plesk.page\/?post_type=product&#038;p=6589"},"modified":"2025-07-19T14:56:37","modified_gmt":"2025-07-19T14:56:37","slug":"ds-7604ni-k1-4p-hikvision-embedded-plug-play-4k-nvr","status":"publish","type":"product","link":"https:\/\/hemaxcomputers.lk\/index.php\/product\/ds-7604ni-k1-4p-hikvision-embedded-plug-play-4k-nvr\/","title":{"rendered":"DS-7604NI-K1\/4P , HIKVISION Embedded Plug &amp; Play 4K NVR"},"content":{"rendered":"<p>40Mbps Bit Rate Input Max (up to 4-ch IP video), 1 SATA interfaces, 4 independent PoE network interfaces, standalone 1U case<\/p>\n<p><strong>ABOUT<\/strong><\/p>\n<div class=\"parameter-table\">\n<table>\n<tbody>\n<tr>\n<th colspan=\"3\">Video\/Audio Input<\/th>\n<\/tr>\n<tr>\n<td class=\"td1\">Two-way audio input:<\/td>\n<td class=\"td2\"><\/td>\n<td>1-ch, RCA (2.0 Vp-p, 1k\u03a9)<\/td>\n<\/tr>\n<tr>\n<td class=\"td1\">IP video input:<\/td>\n<td class=\"td2\"><\/td>\n<td>4-ch<\/td>\n<\/tr>\n<\/tbody>\n<\/table>\n<\/div>\n<div class=\"parameter-table\">\n<table>\n<tbody>\n<tr>\n<th colspan=\"3\">Network<\/th>\n<\/tr>\n<tr>\n<td class=\"td1\">Incoming bandwidth:<\/td>\n<td class=\"td2\"><\/td>\n<td>40Mbps<\/td>\n<\/tr>\n<tr>\n<td class=\"td1\">Outgoing bandwidth:<\/td>\n<td class=\"td2\"><\/td>\n<td>80Mbps<\/td>\n<\/tr>\n<\/tbody>\n<\/table>\n<\/div>\n<div class=\"parameter-table\">\n<table>\n<tbody>\n<tr>\n<th colspan=\"3\">Video\/Audio Output<\/th>\n<\/tr>\n<tr>\n<td class=\"td1\">HDMI Output:<\/td>\n<td class=\"td2\"><\/td>\n<td>1-ch, resolution: 4K(3840*2160)\/60Hz, 4K(3840*2160)\/30Hz, 1920*1080P\/60Hz, 1600*1200\/60Hz, 1280*1024\/60Hz, 1280*720\/60Hz, 1024*768\/60Hz<\/td>\n<\/tr>\n<tr>\n<td class=\"td1\">Recording Resolution:<\/td>\n<td class=\"td2\"><\/td>\n<td>8MP\/6MP\/5MP\/4MP\/3MP\/1080p\/UXGA\/720p\/VGA\/4CIF\/DCIF\/2CIF\/CIF\/QCIF<\/td>\n<\/tr>\n<tr>\n<td class=\"td1\">Audio Output:<\/td>\n<td class=\"td2\"><\/td>\n<td>1-ch, RCA (Linear, 1k\u03a9)<\/td>\n<\/tr>\n<tr>\n<td class=\"td1\">VGA Output:<\/td>\n<td class=\"td2\"><\/td>\n<td>1-ch, resolution: 1920*1080P\/60Hz, 1280*1024\/60Hz, 1280*720\/60Hz, 1024*768\/60Hz<\/td>\n<\/tr>\n<\/tbody>\n<\/table>\n<\/div>\n<div class=\"parameter-table\">\n<table>\n<tbody>\n<tr>\n<th colspan=\"3\">Decoding<\/th>\n<\/tr>\n<tr>\n<td class=\"td1\">Capability:<\/td>\n<td class=\"td2\"><\/td>\n<td>4-ch@1080P<\/td>\n<\/tr>\n<tr>\n<td class=\"td1\">Live view \/ Playback:<\/td>\n<td class=\"td2\"><\/td>\n<td>8MP\/6MP\/5MP\/3MP\/1080p\/UXGA\/720p\/VGA\/4CIF\/DCIF\/2CIF\/CIF\/QCIF<\/td>\n<\/tr>\n<\/tbody>\n<\/table>\n<\/div>\n<div class=\"parameter-table\">\n<table>\n<tbody>\n<tr>\n<th colspan=\"3\">Hard Disk<\/th>\n<\/tr>\n<tr>\n<td class=\"td1\">SATA:<\/td>\n<td class=\"td2\"><\/td>\n<td>1 SATA interface for 1 HDD<\/td>\n<\/tr>\n<tr>\n<td class=\"td1\">Capacity:<\/td>\n<td class=\"td2\"><\/td>\n<td>Up to 6TB capacity for each HDD<\/td>\n<\/tr>\n<\/tbody>\n<\/table>\n<\/div>\n<div class=\"parameter-table\">\n<table>\n<tbody>\n<tr>\n<th colspan=\"3\">External Interface<\/th>\n<\/tr>\n<tr>\n<td class=\"td1\">Network Interface:<\/td>\n<td class=\"td2\"><\/td>\n<td>1 RJ-45 10 \/ 100 Mbps selfadaptive<br \/>\nEthernet interface<\/td>\n<\/tr>\n<tr>\n<td class=\"td1\">USB Interface:<\/td>\n<td class=\"td2\"><\/td>\n<td>2, USB2.0<\/td>\n<\/tr>\n<\/tbody>\n<\/table>\n<\/div>\n<div class=\"parameter-table\">\n<table>\n<tbody>\n<tr>\n<th colspan=\"3\">POE<\/th>\n<\/tr>\n<tr>\n<td class=\"td1\">Interface:<\/td>\n<td class=\"td2\"><\/td>\n<td>4 independent 10 \/100 Mbps PoE<br \/>\nEthernet interfaces<\/td>\n<\/tr>\n<\/tbody>\n<\/table>\n<\/div>\n<div class=\"parameter-table\">\n<table>\n<tbody>\n<tr>\n<th colspan=\"3\">General<\/th>\n<\/tr>\n<tr>\n<td class=\"td1\">Power Supply:<\/td>\n<td class=\"td2\"><\/td>\n<td>48 VDC<\/td>\n<\/tr>\n<tr>\n<td class=\"td1\">Consumption(without hard disk and POE):<\/td>\n<td class=\"td2\"><\/td>\n<td>\u2264 10 W<\/td>\n<\/tr>\n<tr>\n<td class=\"td1\">Working Temperature:<\/td>\n<td class=\"td2\"><\/td>\n<td>-10 oC ~ 55 oC ( 14 oF~ 131 oF)<\/td>\n<\/tr>\n<tr>\n<td class=\"td1\">Working Humidity:<\/td>\n<td class=\"td2\"><\/td>\n<td>10 % ~ 90 %<\/td>\n<\/tr>\n<tr>\n<td class=\"td1\">Chassis:<\/td>\n<td class=\"td2\"><\/td>\n<td>315 mm chassis<\/td>\n<\/tr>\n<tr>\n<td class=\"td1\">Dimensions:<\/td>\n<td class=\"td2\"><\/td>\n<td>315 \u00d7 240 \u00d7 48 mm (12.4&#8243; \u00d7 9.4&#8243; \u00d7 1.9&#8243;)<\/td>\n<\/tr>\n<tr>\n<td class=\"td1\">Weight(without HDD):<\/td>\n<td class=\"td2\"><\/td>\n<td>\u2264 1 kg (2.2 lb)<\/td>\n<\/tr>\n<\/tbody>\n<\/table>\n<\/div>\n","protected":false},"excerpt":{"rendered":"<p>\u2022 Third-party network cameras supported<br \/>\n\u2022 Up to 8 Megapixels resolution recording<br \/>\n\u2022 Support 1-ch HDMI, 1-ch VGA, HMDI at up to 4K(3840&#215;2160)<\/p>\n<p>resolution<\/p>\n<p>\u2022 4-ch network cameras can be connected with<br \/>\n40M\/60M\/80M incoming bandwidth<\/p>\n<p>\u2022 Support dual-os to ensure high reliablility of system<\/p>\n<p>running<\/p>\n<p>\u2022 Plug &amp; Play with up to 4 independent PoE network<br \/>\ninterfaces<\/p>\n<p>\u2022Support various VCA detection alarm and VCA search<\/p>\n<p>\u2022Support H.265\/H.264\/MPEG4 video formats<\/p>\n","protected":false},"featured_media":6619,"comment_status":"closed","ping_status":"closed","template":"","meta":{"_acf_changed":false},"product_brand":[364],"product_cat":[357,363,356],"product_tag":[],"class_list":{"0":"post-6589","1":"product","2":"type-product","3":"status-publish","4":"has-post-thumbnail","6":"product_brand-hikvision","7":"product_cat-cctv","8":"product_cat-nvr","9":"product_cat-security-systems","11":"first","12":"outofstock","13":"shipping-taxable","14":"purchasable","15":"product-type-simple"},"acf":[],"_links":{"self":[{"href":"https:\/\/hemaxcomputers.lk\/index.php\/wp-json\/wp\/v2\/product\/6589","targetHints":{"allow":["GET"]}}],"collection":[{"href":"https:\/\/hemaxcomputers.lk\/index.php\/wp-json\/wp\/v2\/product"}],"about":[{"href":"https:\/\/hemaxcomputers.lk\/index.php\/wp-json\/wp\/v2\/types\/product"}],"replies":[{"embeddable":true,"href":"https:\/\/hemaxcomputers.lk\/index.php\/wp-json\/wp\/v2\/comments?post=6589"}],"wp:featuredmedia":[{"embeddable":true,"href":"https:\/\/hemaxcomputers.lk\/index.php\/wp-json\/wp\/v2\/media\/6619"}],"wp:attachment":[{"href":"https:\/\/hemaxcomputers.lk\/index.php\/wp-json\/wp\/v2\/media?parent=6589"}],"wp:term":[{"taxonomy":"product_brand","embeddable":true,"href":"https:\/\/hemaxcomputers.lk\/index.php\/wp-json\/wp\/v2\/product_brand?post=6589"},{"taxonomy":"product_cat","embeddable":true,"href":"https:\/\/hemaxcomputers.lk\/index.php\/wp-json\/wp\/v2\/product_cat?post=6589"},{"taxonomy":"product_tag","embeddable":true,"href":"https:\/\/hemaxcomputers.lk\/index.php\/wp-json\/wp\/v2\/product_tag?post=6589"}],"curies":[{"name":"wp","href":"https:\/\/api.w.org\/{rel}","templated":true}]}}