{"id":6654,"date":"2025-07-19T14:56:53","date_gmt":"2025-07-19T14:56:53","guid":{"rendered":"https:\/\/vigorous-hertz.178-128-31-162.plesk.page\/?post_type=product&#038;p=6654"},"modified":"2025-07-19T14:57:24","modified_gmt":"2025-07-19T14:57:24","slug":"ds-2cd2125fwd-i","status":"publish","type":"product","link":"https:\/\/hemaxcomputers.lk\/index.php\/product\/ds-2cd2125fwd-i\/","title":{"rendered":"DS-2CD2125FWD-I"},"content":{"rendered":"<p>1\/3&#8243; Progressive CMOS, ICR, 0lux with IR, 2688\u00d71520: 20fps, 4mm\/F2.0 lens (6mm optional), IP66, DC12V &amp; PoE, 120dB WDR, 3D DNR, BLC, IR range: up to 30m, Full metallic housing, Support mobile monitoring via HIK-cloud P2P, H.265 Optimized Codec<\/p>\n<p><strong>ABOUT<\/strong><\/p>\n<div class=\"parameter-table\">\n<table>\n<tbody>\n<tr>\n<th colspan=\"3\">Camera<\/th>\n<\/tr>\n<tr>\n<td class=\"td1\">Image Sensor:<\/td>\n<td class=\"td2\"><\/td>\n<td>1\/2.8&#8243; Progressive Scan CMOS<\/td>\n<\/tr>\n<tr>\n<td class=\"td1\">Signal System:<\/td>\n<td class=\"td2\"><\/td>\n<td>PAL\/NTSC<\/td>\n<\/tr>\n<tr>\n<td class=\"td1\">Min. Illumination:<\/td>\n<td class=\"td2\"><\/td>\n<td>Color: 0.005 lux @(F1.2, AGC ON), 0 lux with IR<\/td>\n<\/tr>\n<tr>\n<td class=\"td1\">Shutter time:<\/td>\n<td class=\"td2\"><\/td>\n<td>1\/3 s to 1\/100,000 s<\/td>\n<\/tr>\n<tr>\n<td class=\"td1\">Slow shutter:<\/td>\n<td class=\"td2\"><\/td>\n<td>Support<\/td>\n<\/tr>\n<tr>\n<td class=\"td1\">Lens:<\/td>\n<td class=\"td2\"><\/td>\n<td>2.8 mm, horizontal field of view: 108\u00b0<br \/>\n4 mm, horizontal field of view: 86.4\u00b0<br \/>\n6 mm, horizontal field of view: 52\u00b0<br \/>\n8 mm, horizontal field of view: 41\u00b0<br \/>\n12 mm, horizontal field of view: 25\u00b0<\/td>\n<\/tr>\n<tr>\n<td class=\"td1\">Lens Mount:<\/td>\n<td class=\"td2\"><\/td>\n<td>M12<\/td>\n<\/tr>\n<tr>\n<td class=\"td1\">Adjustment Range:<\/td>\n<td class=\"td2\"><\/td>\n<td>Pan: 0\u00b0 to 355\u00b0, tilt: 0\u00b0 to 75\u00b0, rotate: 0\u00b0 to 355\u00b0<\/td>\n<\/tr>\n<tr>\n<td class=\"td1\">Day&amp; Night:<\/td>\n<td class=\"td2\"><\/td>\n<td>IR cut filter with auto switch<\/td>\n<\/tr>\n<tr>\n<td class=\"td1\">Wide Dynamic Range:<\/td>\n<td class=\"td2\"><\/td>\n<td>120 dB<\/td>\n<\/tr>\n<tr>\n<td class=\"td1\">Digital noise reduction:<\/td>\n<td class=\"td2\"><\/td>\n<td>3D DNR<\/td>\n<\/tr>\n<\/tbody>\n<\/table>\n<\/div>\n<div class=\"parameter-table\">\n<table>\n<tbody>\n<tr>\n<th colspan=\"3\">Compression Standard<\/th>\n<\/tr>\n<tr>\n<td class=\"td1\">Video Compression:<\/td>\n<td class=\"td2\"><\/td>\n<td>H.265 \/H.265\/H.264 \/H.264\/MJPEG<\/td>\n<\/tr>\n<tr>\n<td class=\"td1\">Video bit rate:<\/td>\n<td class=\"td2\"><\/td>\n<td>32Kbps~16Mbps<\/td>\n<\/tr>\n<tr>\n<td class=\"td1\">Audio Compression:<\/td>\n<td class=\"td2\"><\/td>\n<td>-S: G.711\/G.722.1\/G.726\/MP2L2\/PCM<\/td>\n<\/tr>\n<tr>\n<td class=\"td1\">Audio bit rate:<\/td>\n<td class=\"td2\"><\/td>\n<td>64Kbps(G.711)\/16Kbps(G.722.1)\/16Kbps(G.726)\/32-192Kbps(MP2L2)<\/td>\n<\/tr>\n<tr>\n<td class=\"td1\">Triple Streams:<\/td>\n<td class=\"td2\"><\/td>\n<td>Yes<\/td>\n<\/tr>\n<\/tbody>\n<\/table>\n<\/div>\n<div class=\"parameter-table\">\n<table>\n<tbody>\n<tr>\n<th colspan=\"3\">Image<\/th>\n<\/tr>\n<tr>\n<td class=\"td1\">Max. Image Resolution:<\/td>\n<td class=\"td2\"><\/td>\n<td>1920 x 1080<\/td>\n<\/tr>\n<tr>\n<td class=\"td1\">Frame Rate:<\/td>\n<td class=\"td2\"><\/td>\n<td>50Hz: 25fps (1920 \u00d7 1080, 1280 \u00d7 960, 1280\u00d7720)<br \/>\n60Hz: 30fps (1920 \u00d7 1080, 1280 \u00d7 960, 1280\u00d7720)<\/td>\n<\/tr>\n<tr>\n<td class=\"td1\">Sub Stream:<\/td>\n<td class=\"td2\"><\/td>\n<td>50Hz: 25fps (640 \u00d7 480, 640 \u00d7 360, 320 \u00d7 240)<br \/>\n60Hz: 30fps (640 \u00d7 480, 640 \u00d7 360, 320 \u00d7 240)<\/td>\n<\/tr>\n<tr>\n<td class=\"td1\">Third Stream:<\/td>\n<td class=\"td2\"><\/td>\n<td>50Hz: 25fps (1920 \u00d7 1080, 1280\u00d7720, 640 \u00d7 360, 352 \u00d7 288)<br \/>\n60Hz: 30fps (1920 \u00d7 1080, 1280\u00d7720, 640 \u00d7 360, 352 \u00d7 240)<\/td>\n<\/tr>\n<tr>\n<td class=\"td1\">Image Enhancement:<\/td>\n<td class=\"td2\"><\/td>\n<td>BLC\/3D DNR<\/td>\n<\/tr>\n<tr>\n<td class=\"td1\">Image Settings:<\/td>\n<td class=\"td2\"><\/td>\n<td>Rotate Mode, Saturation, Brightness, Contrast, Sharpness adjustable by client software or web browser<\/td>\n<\/tr>\n<tr>\n<td class=\"td1\">ROI:<\/td>\n<td class=\"td2\"><\/td>\n<td>Support 1 fixed region for main stream and sub stream separately<\/td>\n<\/tr>\n<tr>\n<td class=\"td1\">Day\/Night Switch:<\/td>\n<td class=\"td2\"><\/td>\n<td>Auto\/Scheduled\/Alarm Triggered (-S)<\/td>\n<\/tr>\n<\/tbody>\n<\/table>\n<\/div>\n<div class=\"parameter-table\">\n<table>\n<tbody>\n<tr>\n<th colspan=\"3\">Network<\/th>\n<\/tr>\n<tr>\n<td class=\"td1\">Protocols:<\/td>\n<td class=\"td2\"><\/td>\n<td>TCP\/IP, UDP, ICMP, HTTP, HTTPS, FTP, DHCP, DNS, DDNS, RTP, RTSP, RTCP, PPPoE, NTP, UPnP, SMTP, SNMP, IGMP, 802.1X, QoS, IPv6<\/td>\n<\/tr>\n<tr>\n<td class=\"td1\">General Function:<\/td>\n<td class=\"td2\"><\/td>\n<td>One-key reset, Anti-Flicker, heartbeat, mirror, password protection, privacy<br \/>\nmask, Watermark, IP address filtering<\/td>\n<\/tr>\n<tr>\n<td class=\"td1\">System Compatibility:<\/td>\n<td class=\"td2\"><\/td>\n<td>ONVIF (Profile S, Profile G), ISAPI<\/td>\n<\/tr>\n<\/tbody>\n<\/table>\n<\/div>\n<div class=\"parameter-table\">\n<table>\n<tbody>\n<tr>\n<th colspan=\"3\">Interface<\/th>\n<\/tr>\n<tr>\n<td class=\"td1\">Communication Interface:<\/td>\n<td class=\"td2\"><\/td>\n<td>1 RJ45 10M \/ 100M Ethernet interface<\/td>\n<\/tr>\n<tr>\n<td class=\"td1\">On-board storage:<\/td>\n<td class=\"td2\"><\/td>\n<td>Built-in Micro SD\/SDHC\/SDXC slot, up to 128 GB<\/td>\n<\/tr>\n<\/tbody>\n<\/table>\n<\/div>\n<div class=\"parameter-table\">\n<table>\n<tbody>\n<tr>\n<th colspan=\"3\">Audio<\/th>\n<\/tr>\n<tr>\n<td class=\"td1\">Environment Noise Filtering:<\/td>\n<td class=\"td2\"><\/td>\n<td>Support(-S)<\/td>\n<\/tr>\n<tr>\n<td class=\"td1\">Audio I\/O:<\/td>\n<td class=\"td2\"><\/td>\n<td>support<\/td>\n<\/tr>\n<tr>\n<td class=\"td1\">Audio Sampling Rate:<\/td>\n<td class=\"td2\"><\/td>\n<td>8 kHz\/16 kHz\/32 kHz\/44.1 kHZ\/48 kHz<\/td>\n<\/tr>\n<\/tbody>\n<\/table>\n<\/div>\n<div class=\"parameter-table\">\n<table>\n<tbody>\n<tr>\n<th colspan=\"3\">Smart Feature-set<\/th>\n<\/tr>\n<tr>\n<td class=\"td1\">Behavior Analysis:<\/td>\n<td class=\"td2\"><\/td>\n<td>Line crossing detection, Intrusion detection, Unattended baggage detection, Object removal detection<\/td>\n<\/tr>\n<tr>\n<td class=\"td1\">Line Crossing Detection:<\/td>\n<td class=\"td2\"><\/td>\n<td>Cross a pre-defined virtual line<\/td>\n<\/tr>\n<tr>\n<td class=\"td1\">Intrusion Detection:<\/td>\n<td class=\"td2\"><\/td>\n<td>Enter and loiter in a pre-defined virtual region<\/td>\n<\/tr>\n<tr>\n<td class=\"td1\">Unattended Baggage:<\/td>\n<td class=\"td2\"><\/td>\n<td>Objects left over in the pre-defined region such as the baggage, purse, dangerous materials<\/td>\n<\/tr>\n<tr>\n<td class=\"td1\">Object Removal:<\/td>\n<td class=\"td2\"><\/td>\n<td>Objects removed from the pre-defined region, such as the exhibits on display.<\/td>\n<\/tr>\n<tr>\n<td class=\"td1\">Exception Detections:<\/td>\n<td class=\"td2\"><\/td>\n<td>Scene change detection<\/td>\n<\/tr>\n<tr>\n<td class=\"td1\">Recognition:<\/td>\n<td class=\"td2\"><\/td>\n<td>Face Detection<\/td>\n<\/tr>\n<\/tbody>\n<\/table>\n<\/div>\n<div class=\"parameter-table\">\n<table>\n<tbody>\n<tr>\n<th colspan=\"3\">General<\/th>\n<\/tr>\n<tr>\n<td class=\"td1\">Operating Conditions:<\/td>\n<td class=\"td2\"><\/td>\n<td>-30 \u00b0C ~ 60 \u00b0C (-22 \u00b0F ~ 140 \u00b0F)<br \/>\nHumidity 95% or less (non-condensing)<\/td>\n<\/tr>\n<tr>\n<td class=\"td1\">Power Supply:<\/td>\n<td class=\"td2\"><\/td>\n<td>12 VDC \u00b1 25%, PoE (802.3af Class3)<\/td>\n<\/tr>\n<tr>\n<td class=\"td1\">Power Consumption:<\/td>\n<td class=\"td2\"><\/td>\n<td>12 VDC \u00b1 25%, 5W<br \/>\nPoE(802.3af, class 3), 6.5W<\/td>\n<\/tr>\n<tr>\n<td class=\"td1\">Impact Protection:<\/td>\n<td class=\"td2\"><\/td>\n<td>IK10<\/td>\n<\/tr>\n<tr>\n<td class=\"td1\">Weather Proof:<\/td>\n<td class=\"td2\"><\/td>\n<td>IP67<\/td>\n<\/tr>\n<tr>\n<td class=\"td1\">IR Range:<\/td>\n<td class=\"td2\"><\/td>\n<td>Up to 30m<\/td>\n<\/tr>\n<tr>\n<td class=\"td1\">Dimensions:<\/td>\n<td class=\"td2\"><\/td>\n<td>Camera: \u03a6 111 \u00d7 82.4 mm (\u03a6 4.4\u2033 \u00d7 3.2\u2033)<br \/>\nPackage: 134 \u00d7 134 \u00d7 108 mm (5.27\u2033 \u00d7 5.27\u2033 \u00d7 4.25\u2033)<\/td>\n<\/tr>\n<tr>\n<td class=\"td1\">Weight:<\/td>\n<td class=\"td2\"><\/td>\n<td>Camera: 500 g (1.1 lb.)<\/td>\n<\/tr>\n<\/tbody>\n<\/table>\n<\/div>\n","protected":false},"excerpt":{"rendered":"<p><strong>HIKVISION 2 MP Ultra-Low Light Network Dome Camera <\/strong><\/p>\n<p>Up to 2 megapixel high resolution<\/p>\n<p>\u2022 Max. 1920 \u00d7 1080 @30fps<\/p>\n<p>\u2022\u00a02.8 mm\/4 mm\/6 mm\/8 mm\/12 mm fixed lens, optional<\/p>\n<p>\u2022 Ultra-low light<\/p>\n<p>\u2022 H.265, H.265 , H.264 , H.264<\/p>\n<p>\u2022\u00a0120dB Wide Dynamic Range<\/p>\n<p>\u2022 3D Digital Noise Reduction<\/p>\n<p>\u2022 DC12V &amp; PoE (802.3af)<\/p>\n<p>\u2022 IR range: up to 30 m<\/p>\n<p>\u2022 Support on-board storage, up to 128 GB<\/p>\n<p>\u2022 IP67, IK10<\/p>\n","protected":false},"featured_media":6708,"comment_status":"closed","ping_status":"closed","template":"","meta":{"_acf_changed":false},"product_brand":[364],"product_cat":[357,382,379,356],"product_tag":[381],"class_list":{"0":"post-6654","1":"product","2":"type-product","3":"status-publish","4":"has-post-thumbnail","6":"product_brand-hikvision","7":"product_cat-cctv","8":"product_cat-ip-2line-series-camera","9":"product_cat-ip-camera","10":"product_cat-security-systems","11":"product_tag-camera","13":"first","14":"instock","15":"shipping-taxable","16":"purchasable","17":"product-type-simple"},"acf":[],"_links":{"self":[{"href":"https:\/\/hemaxcomputers.lk\/index.php\/wp-json\/wp\/v2\/product\/6654","targetHints":{"allow":["GET"]}}],"collection":[{"href":"https:\/\/hemaxcomputers.lk\/index.php\/wp-json\/wp\/v2\/product"}],"about":[{"href":"https:\/\/hemaxcomputers.lk\/index.php\/wp-json\/wp\/v2\/types\/product"}],"replies":[{"embeddable":true,"href":"https:\/\/hemaxcomputers.lk\/index.php\/wp-json\/wp\/v2\/comments?post=6654"}],"wp:featuredmedia":[{"embeddable":true,"href":"https:\/\/hemaxcomputers.lk\/index.php\/wp-json\/wp\/v2\/media\/6708"}],"wp:attachment":[{"href":"https:\/\/hemaxcomputers.lk\/index.php\/wp-json\/wp\/v2\/media?parent=6654"}],"wp:term":[{"taxonomy":"product_brand","embeddable":true,"href":"https:\/\/hemaxcomputers.lk\/index.php\/wp-json\/wp\/v2\/product_brand?post=6654"},{"taxonomy":"product_cat","embeddable":true,"href":"https:\/\/hemaxcomputers.lk\/index.php\/wp-json\/wp\/v2\/product_cat?post=6654"},{"taxonomy":"product_tag","embeddable":true,"href":"https:\/\/hemaxcomputers.lk\/index.php\/wp-json\/wp\/v2\/product_tag?post=6654"}],"curies":[{"name":"wp","href":"https:\/\/api.w.org\/{rel}","templated":true}]}}